22012120 - -11021000?
11110110120
In base 13, what is 2ab8 + -2c09?
-121
In base 7, what is 16131 + 12302?
31433
In base 8, what is 460762562 + 0?
460762562
In base 13, what is 109998 + 344?
10a00c
In base 9, what is 521 + -13038?
-12417
In base 7, what is 132 - -1026210?
1026342
In base 4, what is -300 - -120030120033?
120030113133
In base 8, what is -2613726 + 1?
-2613725
In base 16, what is 3 - -fed07ae?
fed07b1
In base 12, what is -1393 + 2099?
906
In base 11, what is 30 - 28988?
-28958
In base 9, what is 382122 - 1?
382121
In base 3, what is -112 - -100020201211?
100020201022
In base 15, what is 4ce805 + 69?
4ce86e
In base 13, what is 1 - 3c578060?
-3c57805c
In base 6, what is -4 + 24510151110?
24510151102
In base 16, what is -26a - -17e2?
1578
In base 14, what is -2 - -520317?
520315
In base 14, what is -1 - -287c038?
287c037
In base 15, what is 4 - 332a888?
-332a884
In base 3, what is 1 - 2010122000100222?
-2010122000100221
In base 6, what is 12125234310 + 2?
12125234312
In base 16, what is 41 + 1aefc?
1af3d
In base 11, what is 10974582 + 8?
1097458a
In base 3, what is 102111 - 1012010200200?
-1012010021012
In base 7, what is -1 - -24036553?
24036552
In base 3, what is -1122211021120 - 1?
-1122211021121
In base 6, what is -2240425243 + 25?
-2240425214
In base 13, what is -10 + -330336?
-330346
In base 6, what is -25145233302 - -10?
-25145233252
In base 7, what is 11430634 - -1105?
11432042
In base 3, what is 1221001112 - 11111?
1220220001
In base 10, what is -16563176 + -13?
-16563189
In base 9, what is -4 + 70054548?
70054544
In base 7, what is 31 + -5221421?
-5221360
In base 10, what is 245198 + 39?
245237
In base 4, what is -1001 - 20203013?
-20210020
In base 16, what is -1e9f - 52e2?
-7181
In base 12, what is -10a489663 - 5?
-10a489668
In base 15, what is 12 - 5140?
-512d
In base 4, what is -123022123 + -20022?
-123102211
In base 8, what is 10071734 + -2?
10071732
In base 7, what is 34540 - 320203?
-252333
In base 10, what is -44 - -270219?
270175
In base 10, what is -252 - -93560?
93308
In base 10, what is -34 + 67500?
67466
In base 11, what is -5014076 - 2?
-5014078
In base 8, what is -2 - -364252521?
364252517
In base 9, what is 2 + -80056371?
-80056368
In base 13, what is 939408 + -3?
939405
In base 11, what is 8 - 690806?
-6907a9
In base 3, what is 2111101 + 20202?
2202010
In base 4, what is 100120232 - -3303?
100130201
In base 9, what is -61 - -358305?
358234
In base 4, what is -21 + -1131102332?
-1131103013
In base 15, what is -db2e - 752?
-e381
In base 5, what is 20 + -1340034102?
-1340034032
In base 12, what is -80571a + 3?
-805717
In base 11, what is 1513a49 - -4?
1513a52
In base 10, what is -4149 - -1308?
-2841
In base 2, what is -10 - -10111011001001010110000?
10111011001001010101110
In base 3, what is 0 + -110000200200010?
-110000200200010
In base 12, what is -b46a9 + 16b8?
-b2bb1
In base 5, what is 2024324423 + 31?
2024330004
In base 13, what is 1a68c885 - 3?
1a68c882
In base 11, what is -58895741 + 0?
-58895741
In base 15, what is 0 - -d9a77b?
d9a77b
In base 16, what is -2c - -279888?
27985c
In base 2, what is -111 - 10010010110011110101100000?
-10010010110011110101100111
In base 15, what is -2389d74c - -3?
-2389d749
In base 4, what is 1013130301021 - -1?
1013130301022
In base 2, what is -1000111110111100001111111 + -100?
-1000111110111100010000011
In base 7, what is -5556 + -432?
-6321
In base 9, what is 1302658 - -440?
1303208
In base 7, what is 264460560 + -4?
264460553
In base 11, what is 2a649 + -119?
2a530
In base 6, what is -2 - -130142541?
130142535
In base 11, what is 117141095 - 1?
117141094
In base 15, what is -9b + c153?
c0a7
In base 7, what is 55 - -22115033?
22115121
In base 14, what is 1b + -30c52?
-30c35
In base 6, what is -33243 + -110230?
-143513
In base 7, what is 14010636 - 12?
14010624
In base 6, what is -540032 + 11250?
-524342
In base 6, what is -53255152 + -4?
-53255200
In base 3, what is 12211001012222 + 100?
12211001020022
In base 11, what is -206558 - -37?
-206521
In base 16, what is -f37d1 + 46?
-f378b
In base 7, what is 1536 - 15033?
-13164
In base 8, what is -10227215 + 106?
-10227107
In base 16, what is 8c - 1bbf?
-1b33
In base 12, what is 29953 - -7035?
34988
In base 3, what is 20121100001111220 + -12?
20121100001111201
In base 10, what is -7363 - -15418?
8055
In base 4, what is -202313311321 + -31?
-202313312012
In base 4, what is -1103 - 12103102?
-12110211
In base 3, what is 1011022121201 - -12220?
1011022211121
In base 7, what is -5524652522 - -3?
-5524652516
In base 11, what is 100629 + 34?
100662
In base 2, what is -1000001000001010 - -1110100110?
-111111001100100
In base 5, what is 3204111 - -110224?
3314340
In base 14, what is 84ca1a + 41?
84ca5b
In base 6, what is -2035223050 - 10?
-2035223100
In base 5, what is -124001121342 + -10?
-124001121402
In base 3, what is -2202210 - -2201102111?
2121122201
In base 5, what is -141334 - -14310033?
14113144
In base 10, what is 31 - -56343?
56374
In base 12, what is 187170 + -18?
187154
In base 10, what is -55 + -373881?
-373936
In base 12, what is -54023 - 231?
-54254
In base 15, what is 3a67 + -964?
3103
In base 14, what is 2cac - 254?
2a58
In base 7, what is 136133151 + -5?
136133143
In base 4, what is -123 - -11331132?
11331003
In base 3, what is 1002122110 - 11120?
1002110220
In base 4, what is 123 + -303221320?
-303221131
In base 8, what is -310 + 213513?
213203
In base 9, what is -20524351 + 7?
-20524343
In base 8, what is -25 + -235013?
-235040
In base 4, what is 102203 - 2123230?
-2021021
In base 12, what is -1046a + 89?
-103a1
In base 16, what is -63 + 24b59?
24af6
In base 16, what is 190 + 1d5?
365
In base 12, what is -60a21 + 15?
-60a08
In base 12, what is 1b + 479b522?
479b541
In base 10, what is 121 - -115321?
115442
In base 5, what is -42 - 14341140?
-14341232
In base 2, what is -101 - 10110010001101000111000001?
-10110010001101000111000110
In base 7, what is -512 - 626323?
-630135
In base 5, what is 312103103 + -103?
312103000
In base 13, what is 3220 - 7770?
-4550
In base 10, what is -960 + -1811?
-2771
In base 7, what is -251636541 + 0?
-251636541
In base 13, what is -250c8629 - -5?
-250c8624
In base 2, what is -101010011 + 110000101010?
101011010111
In base 8, what is -12666305 + -10?
-12666315
In base 5, what is -34 - 122441014?
-122441103
In base 5, what is 11 + 4413440142?
4413440203
In base 6, what is -5 + 2210323144?
2210323135
In base 8, what is 215325727 + -4?
215325723
In base 9, what is -46104565 + 31?
-46104534
In base 13, what is -35 - 2094b?
-20983
In base 16, what is -4d5 - 1a8b?
-1f60
In base 7, what is -610114 - -40?
-610044
In base 4, what is -1122201 - -211110?
-311031
In base 9, what is 3145 + 1858?
5114
In base 10, what is -83794 - 466?
-84260
In base 10, what is 113 - 4177492?
-4177379
In base 15, what is 20 - -86beb3?
86bed3
In base 13, what is 0 + -184299?
-184299
In base 9, what is 8 - 57353222?
-57353213
In base 13, what is -1b2 + 16859?
16677
In base 8, what is 43514211 + -11?
43514200
In base 3, what is 0 + -12201001111020220?
-12201001111020220
In base 10, what is -12064773 - -71?
-12064702
In base 6, what is 0 + -305425053?
-305425053
In base 7, what is -25632504 + -10?
-25632514
In base 15, what is -16 - ae609?
-ae620
In base 10, what is -2042794 - 1?
-2042795
In base 15, what is -1d + -1cd5a3?
-1cd5c1
In base 5, what is 14432240312 + -4?
14432240303
In base 5, what is 111322203 + 130?
111322333
In base 13, what is -12a - -27326?
271c9
In base 12, what is 131884 - -522?
1321a6
In base 10, what is -42371467 - 4?
-42371471
In base 13, what is -34181573 + 5?
-3418156b
In base 16, what is -17 + -1d61?
-1d78
In base 7, what is -136034365 - 0?
-136034365
In base 4, what is -2022033 - 1012?
-2023111
In base 13, what is a25824 + -9?
a25818
In base 11, what is 1256a7 + -1075?
124632
In base 4, what is -12322320333 + -23333?
-12323010332
In base 12, what is 612236 - 1?
612235
In base 2, what is -101001010 + -10111111011100?
-11000100100110
In base 5, what is -1340 + 2111213?
2104323
In base 15, what is 6a12b - -33?
6a15e
In base 4, what is -1221211211 + -1233?
-1221213110
In base 14, what is -cb + -4c583?
-4c670
In base 12, what is -2 + -952157?
-952159
In base 3, what is 22212201120200 - -1022?
